135?
49
What is the remainder when 146541566 is divided by 146541558?
8
What is the remainder when 505151168 is divided by 7?
4
What is the remainder when 18094132 is divided by 9047058?
16
Calculate the remainder when 81384 is divided by 39132.
3120
Calculate the remainder when 74289 is divided by 2209.
1392
What is the remainder when 4861777 is divided by 3431?
50
What is the remainder when 2326927 is divided by 255?
52
Calculate the remainder when 87336221 is divided by 3272.
3269
What is the remainder when 50928531 is divided by 3917579?
4
What is the remainder when 211811668 is divided by 510?
508
Calculate the remainder when 658452 is divided by 51.
42
Calculate the remainder when 471137 is divided by 1099.
765
Calculate the remainder when 12557933 is divided by 1919.
1916
What is the remainder when 6396548 is divided by 96?
68
Calculate the remainder when 251894144 is divided by 27.
20
Calculate the remainder when 466580 is divided by 116627.
72
Calculate the remainder when 56943666 is divided by 56943663.
3
Calculate the remainder when 20063595 is divided by 14.
13
What is the remainder when 78178 is divided by 3392?
162
What is the remainder when 20931366 is divided by 159781?
55
Calculate the remainder when 13829245 is divided by 557.
49
What is the remainder when 5521469 is divided by 368?
365
What is the remainder when 52642412 is divided by 24?
20
What is the remainder when 1783645 is divided by 1037?
5
What is the remainder when 86518 is divided by 2420?
1818
What is the remainder when 669833 is divided by 60876?
197
What is the remainder when 394173 is divided by 1609?
1577
Calculate the remainder when 188719 is divided by 23.
4
Calculate the remainder when 75728 is divided by 73474.
2254
Calculate the remainder when 2664 is divided by 27.
18
Calculate the remainder when 225162 is divided by 45028.
22
Calculate the remainder when 1195867 is divided by 130.
127
What is the remainder when 7427793 is divided by 312?
9
What is the remainder when 2408558 is divided by 3511?
12
Calculate the remainder when 410604087 is divided by 2834.
2831
Calculate the remainder when 104373 is divided by 334.
165
What is the remainder when 4219759 is divided by 169?
167
Calculate the remainder when 392243 is divided by 126.
5
Calculate the remainder when 84660 is divided by 711.
51
What is the remainder when 2058267 is divided by 413?
288
What is the remainder when 323599979 is divided by 35?
24
Calculate the remainder when 248505 is divided by 642.
51
What is the remainder when 6429672 is divided by 23?
22
Calculate the remainder when 3143601 is divided by 314360.
1
Calculate the remainder when 2529134 is divided by 1830.
74
What is the remainder when 468089 is divided by 58508?
25
What is the remainder when 9126418 is divided by 61251?
19
Calculate the remainder when 21676 is divided by 2634.
604
Calculate the remainder when 187413 is divided by 10344.
1221
Calculate the remainder when 1340824 is divided by 14262.
196
Calculate the remainder when 462734 is divided by 1695.
1694
Calculate the remainder when 67019342 is divided by 16.
14
What is the remainder when 456237 is divided by 130?
67
Calculate the remainder when 6066449 is divided by 85.
84
Calculate the remainder when 497848 is divided by 4080.
88
What is the remainder when 2700526 is divided by 2700406?
120
Calculate the remainder when 1113192 is divided by 454.
438
What is the remainder when 1833447 is divided by 2157?
2154
What is the remainder when 87581189 is divided by 4865621?
11
Calculate the remainder when 16226088 is divided by 2879.
44
What is the remainder when 35394051 is divided by 580230?
21
Calculate the remainder when 4245327 is divided by 163267.
385
Calculate the remainder when 84980518 is divided by 134.
130
What is the remainder when 1460236 is divided by 16407?
13
What is the remainder when 36505 is divided by 459?
244
What is the remainder when 214632 is divided by 214417?
215
What is the remainder when 152715930 is divided by 610?
600
Calculate the remainder when 140427928 is divided by 398.
394
Calculate the remainder when 63664206 is divided by 1758.
1752
What is the remainder when 36036479 is divided by 96?
95
Calculate the remainder when 1683458 is divided by 1789.
9
Calculate the remainder when 80582 is divided by 8935.
167
Calculate the remainder when 50760502 is divided by 3303.
3301
What is the remainder when 180927 is divided by 449?
429
Calculate the remainder when 124313 is divided by 5446.
4501
Calculate the remainder when 715607 is divided by 2064.
1463
Calculate the remainder when 16573005 is divided by 8144.
8109
What is the remainder when 217610 is divided by 1061?
105
Calculate the remainder when 72310 is divided by 69299.
3011
Calculate the remainder when 50328320 is divided by 1677610.
20
Calculate the remainder when 1440458 is divided by 408.
218
Calculate the remainder when 371807 is divided by 123902.
101
Calculate the remainder when 40825488 is divided by 1805.
1803
Calculate the remainder when 20429 is divided by 10062.
305
Calculate the remainder when 92626341 is divided by 373.
370
Calculate the remainder when 120655 is divided by 2898.
1837
What is the remainder when 2532506 is divided by 24351?
2
Calculate the remainder when 210303 is divided by 42015.
228
Calculate the remainder when 162216 is divided by 23142.
222
What is the remainder when 7330680 is divided by 101815?
0
Calculate the remainder when 19761 is divided by 6401.
558
Calculate the remainder when 94541234 is divided by 246.
236
What is the remainder when 640801 is divided by 213598?
7
Calculate the remainder when 86278 is divided by 28652.
322
Calculate the remainder when 7219396 is divided by 5003.
67
Calculate the remainder when 66057597 is divided by 192.
189
What is the remainder when 1121053 is divided by 20?
13
What is the remainder when 72389035 is divided by 844?
843
Calculate the remainder when 1286758 is divided by 5124.
634
What is the remainder when 5589104 is divided by 1683?
1544
What is the remainder when 398537 is divided by 63?
62
Calculate the remainder when 2261719 is divided by 84.
19
Calculate the remainder when 8162398 is divided by 75.
73
What is the remainder when 94769 is divided by 366?
341
Calculate the remainder when 24476 is divided by 543.
41
Calculate the remainder when 487891 is divided by 243400.
1091
What is the remainder when 1563241 is divided by 781571?
99
Calculate the remainder when 46960 is divided by 1296.
304
Calculate the remainder when 10878722 is divided by 226.
212
What is the remainder when 1272892 is divided by 964?
412
Calculate the remainder when 276517 is divided by 18432.
37
Calculate the remainder when 60597494 is divided by 741.
737
Calculate the remainder when 12610662 is divided by 334.
158
Calculate the remainder when 141671064 is divided by 14.
10
Calculate the remainder when 5779 is divided by 2799.
181
Calculate the remainder when 41695 is divided by 13812.
259
What is the remainder when 565754 is divided by 1091?
616
Calculate the remainder when 14066 is divided by 2006.
24
Calculate the remainder when 8102528 is divided by 360.
8
What is the remainder when 1105191 is divided by 78942?
3
Calculate the remainder when 5448673 is divided by 1816223.
4
Calculate the remainder when 575401 is divided by 35958.
73
What is the remainder when 4674959 is divided by 1895?
1889
Calculate the remainder when 1043673 is divided by 347112.
2337
Calculate the remainder when 631633 is divided by 399.
16
Calculate the remainder when 4509721 is divided by 322122.
13
What is the remainder when 781593 is divided by 290?
43
What is the remainder when 65672724 is divided by 103259?
0
What is the remainder when 950516 is divided by 1197?
98
What is the remainder when 875660 is divided by 227?
121
Calculate the remainder when 1774738 is divided by 3698.
3396
Calculate the remainder when 1640831 is divided by 431.
14
What is the remainder when 3160359 is divided by 1580178?
3
Calculate the remainder when 49536835 is divided by 38.
35
Calculate the remainder when 183109 is divided by 107.
32
Calculate the remainder when 365772 is divided by 28119.
225
Calculate the remainder when 814286 is divided by 3635.
46
Calculate the remainder when